[INFO] cloning repository https://github.com/slmjkdbtl/glslview
[INFO] running `Command { std: "git" "-c" "credential.helper=" "-c" "credential.helper=/workspace/cargo-home/bin/git-credential-null" "clone" "--bare" "https://github.com/slmjkdbtl/glslview" "/workspace/cache/git-repos/https%3A%2F%2Fgithub.com%2Fslmjkdbtl%2Fglslview", kill_on_drop: false }`
[INFO] [stderr] Cloning into bare repository '/workspace/cache/git-repos/https%3A%2F%2Fgithub.com%2Fslmjkdbtl%2Fglslview'...
[INFO] running `Command { std: "git" "rev-parse" "HEAD", kill_on_drop: false }`
[INFO] [stdout] fbe268ff523e81e7525ff94e771cb8b5993877a0
[INFO] checking slmjkdbtl/glslview against master#af3c6e733a40e671550e0f0f5aeecaa13772ba56 for pr-74989
[INFO] running `Command { std: "git" "clone" "/workspace/cache/git-repos/https%3A%2F%2Fgithub.com%2Fslmjkdbtl%2Fglslview" "/workspace/builds/worker-5/source", kill_on_drop: false }`
[INFO] [stderr] Cloning into '/workspace/builds/worker-5/source'...
[INFO] [stderr] done.
[INFO] validating manifest of git repo https://github.com/slmjkdbtl/glslview on toolchain af3c6e733a40e671550e0f0f5aeecaa13772ba56
[INFO] running `Command { std: "/workspace/cargo-home/bin/cargo" "+af3c6e733a40e671550e0f0f5aeecaa13772ba56" "read-manifest" "--manifest-path" "Cargo.toml", kill_on_drop: false }`
[INFO] started tweaking git repo https://github.com/slmjkdbtl/glslview
[INFO] removed path dependency dirty from git repo https://github.com/slmjkdbtl/glslview
[INFO] finished tweaking git repo https://github.com/slmjkdbtl/glslview
[INFO] tweaked toml for git repo https://github.com/slmjkdbtl/glslview written to /workspace/builds/worker-5/source/Cargo.toml
[INFO] crate git repo https://github.com/slmjkdbtl/glslview already has a lockfile, it will not be regenerated
[INFO] running `Command { std: "/workspace/cargo-home/bin/cargo" "+af3c6e733a40e671550e0f0f5aeecaa13772ba56" "fetch" "--locked" "--manifest-path" "Cargo.toml", kill_on_drop: false }`
[INFO] [stderr] warning: dependency (dirty) specified without providing a local path, Git repository, or version to use. This will be considered an error in future versions
[INFO] [stderr]     Blocking waiting for file lock on package cache
[INFO] [stderr]     Updating crates.io index
[INFO] [stderr] error: the lock file /workspace/builds/worker-5/source/Cargo.lock needs to be updated but --locked was passed to prevent this
[INFO] [stderr] If you want to try to generate the lock file without accessing the network, use the --offline flag.
[INFO] the lockfile is outdated, regenerating it
[INFO] running `Command { std: "/workspace/cargo-home/bin/cargo" "+af3c6e733a40e671550e0f0f5aeecaa13772ba56" "generate-lockfile" "--manifest-path" "Cargo.toml" "-Zno-index-update", kill_on_drop: false }`
[INFO] running `Command { std: "/workspace/cargo-home/bin/cargo" "+af3c6e733a40e671550e0f0f5aeecaa13772ba56" "fetch" "--locked" "--manifest-path" "Cargo.toml", kill_on_drop: false }`
[INFO] [stderr] warning: dependency (dirty) specified without providing a local path, Git repository, or version to use. This will be considered an error in future versions
[INFO] [stderr]     Blocking waiting for file lock on package cache
[INFO] running `Command { std: "docker" "create" "-v" "/var/lib/crater-agent-workspace/builds/worker-5/target:/opt/rustwide/target:rw,Z" "-v" "/var/lib/crater-agent-workspace/builds/worker-5/source:/opt/rustwide/workdir:ro,Z" "-v" "/var/lib/crater-agent-workspace/cargo-home:/opt/rustwide/cargo-home:ro,Z" "-v" "/var/lib/crater-agent-workspace/rustup-home:/opt/rustwide/rustup-home:ro,Z" "-e" "SOURCE_DIR=/opt/rustwide/workdir" "-e" "CARGO_TARGET_DIR=/opt/rustwide/target" "-e" "CARGO_HOME=/opt/rustwide/cargo-home" "-e" "RUSTUP_HOME=/opt/rustwide/rustup-home" "-w" "/opt/rustwide/workdir" "-m" "1610612736" "--user" "0:0" "--network" "none" "rustops/crates-build-env@sha256:d92eaeed33fa75130ca1ee6c8a01d1ffb62bac859dfdfb3450e3e5d1c0146529" "/opt/rustwide/cargo-home/bin/cargo" "+af3c6e733a40e671550e0f0f5aeecaa13772ba56" "metadata" "--no-deps" "--format-version=1", kill_on_drop: false }`
[INFO] [stdout] db83997c8b441addce029ccf661c35c85a756c0379c0e09e22eb7dbce942b999
[INFO] [stderr] WARNING: Your kernel does not support swap limit capabilities or the cgroup is not mounted. Memory limited without swap.
[INFO] running `Command { std: "docker" "start" "-a" "db83997c8b441addce029ccf661c35c85a756c0379c0e09e22eb7dbce942b999", kill_on_drop: false }`
[INFO] running `Command { std: "docker" "inspect" "db83997c8b441addce029ccf661c35c85a756c0379c0e09e22eb7dbce942b999", kill_on_drop: false }`
[INFO] running `Command { std: "docker" "rm" "-f" "db83997c8b441addce029ccf661c35c85a756c0379c0e09e22eb7dbce942b999", kill_on_drop: false }`
[INFO] [stdout] db83997c8b441addce029ccf661c35c85a756c0379c0e09e22eb7dbce942b999
[INFO] running `Command { std: "docker" "create" "-v" "/var/lib/crater-agent-workspace/builds/worker-5/target:/opt/rustwide/target:rw,Z" "-v" "/var/lib/crater-agent-workspace/builds/worker-5/source:/opt/rustwide/workdir:ro,Z" "-v" "/var/lib/crater-agent-workspace/cargo-home:/opt/rustwide/cargo-home:ro,Z" "-v" "/var/lib/crater-agent-workspace/rustup-home:/opt/rustwide/rustup-home:ro,Z" "-e" "SOURCE_DIR=/opt/rustwide/workdir" "-e" "CARGO_TARGET_DIR=/opt/rustwide/target" "-e" "CARGO_INCREMENTAL=0" "-e" "RUST_BACKTRACE=full" "-e" "RUSTFLAGS=--cap-lints=forbid" "-e" "CARGO_HOME=/opt/rustwide/cargo-home" "-e" "RUSTUP_HOME=/opt/rustwide/rustup-home" "-w" "/opt/rustwide/workdir" "-m" "1610612736" "--user" "0:0" "--network" "none" "rustops/crates-build-env@sha256:d92eaeed33fa75130ca1ee6c8a01d1ffb62bac859dfdfb3450e3e5d1c0146529" "/opt/rustwide/cargo-home/bin/cargo" "+af3c6e733a40e671550e0f0f5aeecaa13772ba56" "check" "--frozen" "--all" "--all-targets" "--message-format=json", kill_on_drop: false }`
[INFO] [stdout] f0754f9da87519609c8bce4b510cac281d8de3fda554abd5420e6679c34c04b0
[INFO] [stderr] WARNING: Your kernel does not support swap limit capabilities or the cgroup is not mounted. Memory limited without swap.
[INFO] running `Command { std: "docker" "start" "-a" "f0754f9da87519609c8bce4b510cac281d8de3fda554abd5420e6679c34c04b0", kill_on_drop: false }`
[INFO] [stderr] warning: dependency (dirty) specified without providing a local path, Git repository, or version to use. This will be considered an error in future versions
[INFO] [stderr]     Blocking waiting for file lock on package cache
[INFO] [stderr]     Checking dirty v0.2.0
[INFO] [stderr]     Checking glslview v0.0.0 (/opt/rustwide/workdir)
[INFO] [stdout] error[E0432]: unresolved import `math`
[INFO] [stdout]   --> src/main.rs:10:5
[INFO] [stdout]    |
[INFO] [stdout] 10 | use math::*;
[INFO] [stdout]    |     ^^^^ use of undeclared type or module `math`
[INFO] [stdout] 
[INFO] [stdout] 
[INFO] [stdout] error[E0432]: unresolved import `gfx`
[INFO] [stdout]   --> src/main.rs:11:5
[INFO] [stdout]    |
[INFO] [stdout] 11 | use gfx::*;
[INFO] [stdout]    |     ^^^ use of undeclared type or module `gfx`
[INFO] [stdout] 
[INFO] [stdout] 
[INFO] [stdout] error[E0432]: unresolved import `input`
[INFO] [stdout]   --> src/main.rs:12:5
[INFO] [stdout]    |
[INFO] [stdout] 12 | use input::*;
[INFO] [stdout]    |     ^^^^^ use of undeclared type or module `input`
[INFO] [stdout] 
[INFO] [stdout] 
[INFO] [stdout] error[E0432]: unresolved import `term`
[INFO] [stdout]    --> src/main.rs:112:7
[INFO] [stdout]     |
[INFO] [stdout] 112 |         use term::style as s;
[INFO] [stdout]     |             ^^^^ use of undeclared type or module `term`
[INFO] [stdout] 
[INFO] [stdout] 
[INFO] [stdout] error: cannot find macro `vecd` in this scope
[INFO] [stdout]    --> src/main.rs:181:9
[INFO] [stdout]     |
[INFO] [stdout] 181 |               log: vecd![],
[INFO] [stdout]     |                    ^^^^ help: a macro with a similar name exists: `vec`
[INFO] [stdout] 
[INFO] [stdout] 
[INFO] [stdout] error: cannot find macro `vec2` in this scope
[INFO] [stdout]    --> src/main.rs:243:17
[INFO] [stdout]     |
[INFO] [stdout] 243 |                   resolution: vec2!(d.gfx.width(), d.gfx.height()) * d.gfx.dpi(),
[INFO] [stdout]     |                               ^^^^ help: a macro with a similar name exists: `vec`
[INFO] [stdout] 
[INFO] [stdout] 
[INFO] [stdout] error: cannot find macro `vec2` in this scope
[INFO] [stdout]    --> src/main.rs:244:35
[INFO] [stdout]     |
[INFO] [stdout] 244 |                   mouse: d.window.mouse_pos() / vec2!(d.gfx.width(), d.gfx.height()),
[INFO] [stdout]     |                                                 ^^^^ help: a macro with a similar name exists: `vec`
[INFO] [stdout] 
[INFO] [stdout] 
[INFO] [stdout] error: cannot find macro `mat4` in this scope
[INFO] [stdout]    --> src/main.rs:257:5
[INFO] [stdout]     |
[INFO] [stdout] 257 |                 mat4!()
[INFO] [stdout]     |                 ^^^^
[INFO] [stdout] 
[INFO] [stdout] 
[INFO] [stdout] error[E0432]: unresolved import `math`
[INFO] [stdout]   --> src/main.rs:10:5
[INFO] [stdout]    |
[INFO] [stdout] 10 | use math::*;
[INFO] [stdout]    |     ^^^^ use of undeclared type or module `math`
[INFO] [stdout] 
[INFO] [stdout] 
[INFO] [stdout] error[E0432]: unresolved import `gfx`
[INFO] [stdout]   --> src/main.rs:11:5
[INFO] [stdout]    |
[INFO] [stdout] 11 | use gfx::*;
[INFO] [stdout]    |     ^^^ use of undeclared type or module `gfx`
[INFO] [stdout] 
[INFO] [stdout] 
[INFO] [stdout] error[E0432]: unresolved import `input`
[INFO] [stdout]   --> src/main.rs:12:5
[INFO] [stdout]    |
[INFO] [stdout] 12 | use input::*;
[INFO] [stdout]    |     ^^^^^ use of undeclared type or module `input`
[INFO] [stdout] 
[INFO] [stdout] 
[INFO] [stdout] error[E0432]: unresolved import `term`
[INFO] [stdout]    --> src/main.rs:112:7
[INFO] [stdout]     |
[INFO] [stdout] 112 |         use term::style as s;
[INFO] [stdout]     |             ^^^^ use of undeclared type or module `term`
[INFO] [stdout] 
[INFO] [stdout] 
[INFO] [stdout] error: cannot find macro `vecd` in this scope
[INFO] [stdout]    --> src/main.rs:181:9
[INFO] [stdout]     |
[INFO] [stdout] 181 |               log: vecd![],
[INFO] [stdout]     |                    ^^^^ help: a macro with a similar name exists: `vec`
[INFO] [stdout] 
[INFO] [stdout] 
[INFO] [stdout] error: cannot find macro `vec2` in this scope
[INFO] [stdout]    --> src/main.rs:243:17
[INFO] [stdout]     |
[INFO] [stdout] 243 |                   resolution: vec2!(d.gfx.width(), d.gfx.height()) * d.gfx.dpi(),
[INFO] [stdout]     |                               ^^^^ help: a macro with a similar name exists: `vec`
[INFO] [stdout] 
[INFO] [stdout] 
[INFO] [stdout] error: cannot find macro `vec2` in this scope
[INFO] [stdout]    --> src/main.rs:244:35
[INFO] [stdout]     |
[INFO] [stdout] 244 |                   mouse: d.window.mouse_pos() / vec2!(d.gfx.width(), d.gfx.height()),
[INFO] [stdout]     |                                                 ^^^^ help: a macro with a similar name exists: `vec`
[INFO] [stdout] 
[INFO] [stdout] 
[INFO] [stdout] error: cannot find macro `mat4` in this scope
[INFO] [stdout]    --> src/main.rs:257:5
[INFO] [stdout]     |
[INFO] [stdout] 257 |                 mat4!()
[INFO] [stdout]     |                 ^^^^
[INFO] [stdout] 
[INFO] [stdout] 
[INFO] [stdout] error: cannot find macro `vec2` in this scope
[INFO] [stdout]    --> src/main.rs:258:41
[INFO] [stdout]     |
[INFO] [stdout] 258 |                       .t2(d.gfx.coord(Origin::TopLeft) + vec2!(24, -24))
[INFO] [stdout]     |                                                          ^^^^ help: a macro with a similar name exists: `vec`
[INFO] [stdout] 
[INFO] [stdout] 
[INFO] [stdout] error: cannot find macro `rgba` in this scope
[INFO] [stdout]    --> src/main.rs:279:26
[INFO] [stdout]     |
[INFO] [stdout] 279 |                     MsgType::Success => rgba!(0, 1, 0, to),
[INFO] [stdout]     |                                         ^^^^
[INFO] [stdout] 
[INFO] [stdout] 
[INFO] [stdout] error: cannot find macro `rgba` in this scope
[INFO] [stdout]    --> src/main.rs:280:26
[INFO] [stdout]     |
[INFO] [stdout] 280 |                     MsgType::Failure => rgba!(1, 0, 0, bo),
[INFO] [stdout]     |                                         ^^^^
[INFO] [stdout] 
[INFO] [stdout] 
[INFO] [stdout] error: cannot find macro `vec2` in this scope
[INFO] [stdout]    --> src/main.rs:296:49
[INFO] [stdout]     |
[INFO] [stdout] 296 |                   let pos = d.gfx.coord(Origin::BottomLeft) + vec2!(0, y);
[INFO] [stdout]     |                                                               ^^^^ help: a macro with a similar name exists: `vec`
[INFO] [stdout] 
[INFO] [stdout] 
[INFO] [stdout] error: cannot find macro `vec2` in this scope
[INFO] [stdout]    --> src/main.rs:299:31
[INFO] [stdout]     |
[INFO] [stdout] 299 |                       &shapes::rect(pos, pos + vec2!(width, th))
[INFO] [stdout]     |                                                ^^^^ help: a macro with a similar name exists: `vec`
[INFO] [stdout] 
[INFO] [stdout] 
[INFO] [stdout] error: cannot find macro `rgba` in this scope
[INFO] [stdout]    --> src/main.rs:300:13
[INFO] [stdout]     |
[INFO] [stdout] 300 |                         .fill(rgba!(0, 0, 0, bo))
[INFO] [stdout]     |                               ^^^^
[INFO] [stdout] 
[INFO] [stdout] 
[INFO] [stdout] error: cannot find macro `mat4` in this scope
[INFO] [stdout]    --> src/main.rs:304:6
[INFO] [stdout]     |
[INFO] [stdout] 304 |                     mat4!()
[INFO] [stdout]     |                     ^^^^
[INFO] [stdout] 
[INFO] [stdout] 
[INFO] [stdout] error: cannot find macro `elog` in this scope
[INFO] [stdout]    --> src/main.rs:325:3
[INFO] [stdout]     |
[INFO] [stdout] 325 |         elog!("{}", err);
[INFO] [stdout]     |         ^^^^
[INFO] [stdout] 
[INFO] [stdout] 
[INFO] [stdout] error[E0433]: failed to resolve: use of undeclared type or module `fs`
[INFO] [stdout]    --> src/main.rs:135:23
[INFO] [stdout]     |
[INFO] [stdout] 135 |         let content = match fs::read_str(path) {
[INFO] [stdout]     |                             ^^ use of undeclared type or module `fs`
[INFO] [stdout] 
[INFO] [stdout] 
[INFO] [stdout] error[E0433]: failed to resolve: use of undeclared type or module `Shader`
[INFO] [stdout]    --> src/main.rs:143:9
[INFO] [stdout]     |
[INFO] [stdout] 143 |         match Shader::from_frag(d.gfx, &content) {
[INFO] [stdout]     |               ^^^^^^ use of undeclared type or module `Shader`
[INFO] [stdout] 
[INFO] [stdout] 
[INFO] [stdout] error[E0433]: failed to resolve: use of undeclared type or module `window`
[INFO] [stdout]    --> src/main.rs:176:23
[INFO] [stdout]     |
[INFO] [stdout] 176 |         d.window.set_cursor(window::CursorIcon::Cross);
[INFO] [stdout]     |                             ^^^^^^ use of undeclared type or module `window`
[INFO] [stdout] 
[INFO] [stdout] 
[INFO] [stdout] error[E0433]: failed to resolve: use of undeclared type or module `fs`
[INFO] [stdout]    --> src/main.rs:188:7
[INFO] [stdout]     |
[INFO] [stdout] 188 |             if fs::exists(path) {
[INFO] [stdout]     |                ^^ use of undeclared type or module `fs`
[INFO] [stdout] 
[INFO] [stdout] 
[INFO] [stdout] error: cannot find macro `vec2` in this scope
[INFO] [stdout]    --> src/main.rs:258:41
[INFO] [stdout]     |
[INFO] [stdout] 258 |                       .t2(d.gfx.coord(Origin::TopLeft) + vec2!(24, -24))
[INFO] [stdout]     |                                                          ^^^^ help: a macro with a similar name exists: `vec`
[INFO] [stdout] 
[INFO] [stdout] 
[INFO] [stdout] error: cannot find macro `rgba` in this scope
[INFO] [stdout]    --> src/main.rs:279:26
[INFO] [stdout]     |
[INFO] [stdout] 279 |                     MsgType::Success => rgba!(0, 1, 0, to),
[INFO] [stdout]     |                                         ^^^^
[INFO] [stdout] 
[INFO] [stdout] 
[INFO] [stdout] error: cannot find macro `rgba` in this scope
[INFO] [stdout]    --> src/main.rs:280:26
[INFO] [stdout]     |
[INFO] [stdout] 280 |                     MsgType::Failure => rgba!(1, 0, 0, bo),
[INFO] [stdout]     |                                         ^^^^
[INFO] [stdout] 
[INFO] [stdout] 
[INFO] [stdout] error: cannot find macro `vec2` in this scope
[INFO] [stdout]    --> src/main.rs:296:49
[INFO] [stdout]     |
[INFO] [stdout] 296 |                   let pos = d.gfx.coord(Origin::BottomLeft) + vec2!(0, y);
[INFO] [stdout]     |                                                               ^^^^ help: a macro with a similar name exists: `vec`
[INFO] [stdout] 
[INFO] [stdout] 
[INFO] [stdout] error: cannot find macro `vec2` in this scope
[INFO] [stdout]    --> src/main.rs:299:31
[INFO] [stdout]     |
[INFO] [stdout] 299 |                       &shapes::rect(pos, pos + vec2!(width, th))
[INFO] [stdout]     |                                                ^^^^ help: a macro with a similar name exists: `vec`
[INFO] [stdout] 
[INFO] [stdout] 
[INFO] [stdout] error: cannot find macro `rgba` in this scope
[INFO] [stdout]    --> src/main.rs:300:13
[INFO] [stdout]     |
[INFO] [stdout] 300 |                         .fill(rgba!(0, 0, 0, bo))
[INFO] [stdout]     |                               ^^^^
[INFO] [stdout] 
[INFO] [stdout] 
[INFO] [stdout] error: cannot find macro `mat4` in this scope
[INFO] [stdout]    --> src/main.rs:304:6
[INFO] [stdout]     |
[INFO] [stdout] 304 |                     mat4!()
[INFO] [stdout]     |                     ^^^^
[INFO] [stdout] 
[INFO] [stdout] 
[INFO] [stdout] error: cannot find macro `elog` in this scope
[INFO] [stdout]    --> src/main.rs:325:3
[INFO] [stdout]     |
[INFO] [stdout] 325 |         elog!("{}", err);
[INFO] [stdout]     |         ^^^^
[INFO] [stdout] 
[INFO] [stdout] 
[INFO] [stdout] error[E0433]: failed to resolve: use of undeclared type or module `Event`
[INFO] [stdout]    --> src/main.rs:201:4
[INFO] [stdout]     |
[INFO] [stdout] 201 |             Event::FileDrop(path) => self.open(d, path),
[INFO] [stdout]     |             ^^^^^ use of undeclared type or module `Event`
[INFO] [stdout] 
[INFO] [stdout] 
[INFO] [stdout] error[E0433]: failed to resolve: use of undeclared type or module `Event`
[INFO] [stdout]    --> src/main.rs:203:4
[INFO] [stdout]     |
[INFO] [stdout] 203 |             Event::KeyPress(k) => {
[INFO] [stdout]     |             ^^^^^ use of undeclared type or module `Event`
[INFO] [stdout] 
[INFO] [stdout] 
[INFO] [stdout] error[E0433]: failed to resolve: use of undeclared type or module `Key`
[INFO] [stdout]    --> src/main.rs:208:6
[INFO] [stdout]     |
[INFO] [stdout] 208 |                     Key::Esc => d.window.quit(),
[INFO] [stdout]     |                     ^^^ use of undeclared type or module `Key`
[INFO] [stdout] 
[INFO] [stdout] 
[INFO] [stdout] error[E0433]: failed to resolve: use of undeclared type or module `Key`
[INFO] [stdout]    --> src/main.rs:209:6
[INFO] [stdout]     |
[INFO] [stdout] 209 |                     Key::R => self.refresh(d),
[INFO] [stdout]     |                     ^^^ use of undeclared type or module `Key`
[INFO] [stdout] 
[INFO] [stdout] 
[INFO] [stdout] error[E0433]: failed to resolve: use of undeclared type or module `Key`
[INFO] [stdout]    --> src/main.rs:210:6
[INFO] [stdout]     |
[INFO] [stdout] 210 |                     Key::L => self.show_log = !self.show_log,
[INFO] [stdout]     |                     ^^^ use of undeclared type or module `Key`
[INFO] [stdout] 
[INFO] [stdout] 
[INFO] [stdout] error[E0433]: failed to resolve: use of undeclared type or module `Key`
[INFO] [stdout]    --> src/main.rs:211:6
[INFO] [stdout]     |
[INFO] [stdout] 211 |                     Key::C if self.show_log => self.log.clear(),
[INFO] [stdout]     |                     ^^^ use of undeclared type or module `Key`
[INFO] [stdout] 
[INFO] [stdout] 
[INFO] [stdout] error[E0433]: failed to resolve: use of undeclared type or module `Key`
[INFO] [stdout]    --> src/main.rs:212:6
[INFO] [stdout]     |
[INFO] [stdout] 212 |                     Key::Q if mods.meta => d.window.quit(),
[INFO] [stdout]     |                     ^^^ use of undeclared type or module `Key`
[INFO] [stdout] 
[INFO] [stdout] 
[INFO] [stdout] error[E0433]: failed to resolve: use of undeclared type or module `Key`
[INFO] [stdout]    --> src/main.rs:213:6
[INFO] [stdout]     |
[INFO] [stdout] 213 |                     Key::F if mods.meta => d.window.toggle_fullscreen(),
[INFO] [stdout]     |                     ^^^ use of undeclared type or module `Key`
[INFO] [stdout] 
[INFO] [stdout] 
[INFO] [stdout] error[E0433]: failed to resolve: use of undeclared type or module `shapes`
[INFO] [stdout]    --> src/main.rs:248:7
[INFO] [stdout]     |
[INFO] [stdout] 248 |                     &shapes::uvrect(
[INFO] [stdout]     |                      ^^^^^^ use of undeclared type or module `shapes`
[INFO] [stdout] 
[INFO] [stdout] 
[INFO] [stdout] error[E0433]: failed to resolve: use of undeclared type or module `Origin`
[INFO] [stdout]    --> src/main.rs:249:17
[INFO] [stdout]     |
[INFO] [stdout] 249 |                         gfx.coord(Origin::TopLeft),
[INFO] [stdout]     |                                   ^^^^^^ use of undeclared type or module `Origin`
[INFO] [stdout] 
[INFO] [stdout] 
[INFO] [stdout] error[E0433]: failed to resolve: use of undeclared type or module `Origin`
[INFO] [stdout]    --> src/main.rs:250:17
[INFO] [stdout]     |
[INFO] [stdout] 250 |                         gfx.coord(Origin::BottomRight),
[INFO] [stdout]     |                                   ^^^^^^ use of undeclared type or module `Origin`
[INFO] [stdout] 
[INFO] [stdout] 
[INFO] [stdout] error[E0433]: failed to resolve: use of undeclared type or module `Origin`
[INFO] [stdout]    --> src/main.rs:258:22
[INFO] [stdout]     |
[INFO] [stdout] 258 |                     .t2(d.gfx.coord(Origin::TopLeft) + vec2!(24, -24))
[INFO] [stdout]     |                                     ^^^^^^ use of undeclared type or module `Origin`
[INFO] [stdout] 
[INFO] [stdout] 
[INFO] [stdout] error[E0433]: failed to resolve: use of undeclared type or module `shapes`
[INFO] [stdout]    --> src/main.rs:260:6
[INFO] [stdout]     |
[INFO] [stdout] 260 |                 &shapes::text("drop fragment shader files into this window")
[INFO] [stdout]     |                  ^^^^^^ use of undeclared type or module `shapes`
[INFO] [stdout] 
[INFO] [stdout] 
[INFO] [stdout] error[E0433]: failed to resolve: use of undeclared type or module `Origin`
[INFO] [stdout]    --> src/main.rs:262:13
[INFO] [stdout]     |
[INFO] [stdout] 262 |                     .align(Origin::TopLeft)
[INFO] [stdout]     |                            ^^^^^^ use of undeclared type or module `Origin`
[INFO] [stdout] 
[INFO] [stdout] 
[INFO] [stdout] error[E0433]: failed to resolve: use of undeclared type or module `shapes`
[INFO] [stdout]    --> src/main.rs:286:16
[INFO] [stdout]     |
[INFO] [stdout] 286 |                 let text = shapes::text(&msg.content)
[INFO] [stdout]     |                            ^^^^^^ use of undeclared type or module `shapes`
[INFO] [stdout] 
[INFO] [stdout] 
[INFO] [stdout] error[E0433]: failed to resolve: use of undeclared type or module `Origin`
[INFO] [stdout]    --> src/main.rs:287:13
[INFO] [stdout]     |
[INFO] [stdout] 287 |                     .align(Origin::BottomLeft)
[INFO] [stdout]     |                            ^^^^^^ use of undeclared type or module `Origin`
[INFO] [stdout] 
[INFO] [stdout] 
[INFO] [stdout] error[E0433]: failed to resolve: use of undeclared type or module `shapes`
[INFO] [stdout]    --> src/main.rs:289:12
[INFO] [stdout]     |
[INFO] [stdout] 289 |                     .wrap(shapes::TextWrap {
[INFO] [stdout]     |                           ^^^^^^ use of undeclared type or module `shapes`
[INFO] [stdout] 
[INFO] [stdout] 
[INFO] [stdout] error[E0433]: failed to resolve: use of undeclared type or module `shapes`
[INFO] [stdout]    --> src/main.rs:291:19
[INFO] [stdout]     |
[INFO] [stdout] 291 |                         break_type: shapes::TextWrapBreak::Word,
[INFO] [stdout]     |                                     ^^^^^^ use of undeclared type or module `shapes`
[INFO] [stdout] 
[INFO] [stdout] 
[INFO] [stdout] error[E0433]: failed to resolve: use of undeclared type or module `Origin`
[INFO] [stdout]    --> src/main.rs:296:27
[INFO] [stdout]     |
[INFO] [stdout] 296 |                 let pos = d.gfx.coord(Origin::BottomLeft) + vec2!(0, y);
[INFO] [stdout]     |                                       ^^^^^^ use of undeclared type or module `Origin`
[INFO] [stdout] 
[INFO] [stdout] 
[INFO] [stdout] error[E0433]: failed to resolve: use of undeclared type or module `shapes`
[INFO] [stdout]    --> src/main.rs:299:7
[INFO] [stdout]     |
[INFO] [stdout] 299 |                     &shapes::rect(pos, pos + vec2!(width, th))
[INFO] [stdout]     |                      ^^^^^^ use of undeclared type or module `shapes`
[INFO] [stdout] 
[INFO] [stdout] 
[INFO] [stdout] error[E0433]: failed to resolve: use of undeclared type or module `fs`
[INFO] [stdout]    --> src/main.rs:135:23
[INFO] [stdout]     |
[INFO] [stdout] 135 |         let content = match fs::read_str(path) {
[INFO] [stdout]     |                             ^^ use of undeclared type or module `fs`
[INFO] [stdout] 
[INFO] [stdout] 
[INFO] [stdout] error[E0412]: cannot find type `Shader` in this scope
[INFO] [stdout]   --> src/main.rs:86:17
[INFO] [stdout]    |
[INFO] [stdout] 86 |     shader: Option<Shader<GeneralUniform>>,
[INFO] [stdout]    |                    ^^^^^^ not found in this scope
[INFO] [stdout] 
[INFO] [stdout] 
[INFO] [stdout] error[E0412]: cannot find type `Vec2` in this scope
[INFO] [stdout]    --> src/main.rs:93:14
[INFO] [stdout]     |
[INFO] [stdout] 93  |       resolution: Vec2,
[INFO] [stdout]     |                   ^^^^ help: a struct with a similar name exists: `Vec`
[INFO] [stdout] 
[INFO] [stdout] 
[INFO] [stdout] error[E0412]: cannot find type `Vec2` in this scope
[INFO] [stdout]    --> src/main.rs:95:9
[INFO] [stdout]     |
[INFO] [stdout] 95  |       mouse: Vec2,
[INFO] [stdout]     |              ^^^^ help: a struct with a similar name exists: `Vec`
[INFO] [stdout] 
[INFO] [stdout] 
[INFO] [stdout] error[E0405]: cannot find trait `UniformLayout` in this scope
[INFO] [stdout]   --> src/main.rs:98:6
[INFO] [stdout]    |
[INFO] [stdout] 98 | impl UniformLayout for GeneralUniform {
[INFO] [stdout]    |      ^^^^^^^^^^^^^ not found in this scope
[INFO] [stdout] 
[INFO] [stdout] 
[INFO] [stdout] error[E0412]: cannot find type `UniformValues` in this scope
[INFO] [stdout]   --> src/main.rs:99:22
[INFO] [stdout]    |
[INFO] [stdout] 99 |     fn values(&self) -> UniformValues {
[INFO] [stdout]    |                         ^^^^^^^^^^^^^ not found in this scope
[INFO] [stdout] 
[INFO] [stdout] 
[INFO] [stdout] error[E0412]: cannot find type `Ctx` in this scope
[INFO] [stdout]    --> src/main.rs:128:32
[INFO] [stdout]     |
[INFO] [stdout] 128 |     fn refresh(&mut self, d: &mut Ctx) {
[INFO] [stdout]     |                                   ^^^ not found in this scope
[INFO] [stdout] 
[INFO] [stdout] 
[INFO] [stdout] error[E0412]: cannot find type `Ctx` in this scope
[INFO] [stdout]    --> src/main.rs:163:29
[INFO] [stdout]     |
[INFO] [stdout] 163 |     fn open(&mut self, d: &mut Ctx, path: impl AsRef<Path>) {
[INFO] [stdout]     |                                ^^^ not found in this scope
[INFO] [stdout] 
[INFO] [stdout] 
[INFO] [stdout] error[E0405]: cannot find trait `State` in this scope
[INFO] [stdout]    --> src/main.rs:172:6
[INFO] [stdout]     |
[INFO] [stdout] 172 | impl State for Viewer {
[INFO] [stdout]     |      ^^^^^ not found in this scope
[INFO] [stdout] 
[INFO] [stdout] 
[INFO] [stdout] error[E0412]: cannot find type `Ctx` in this scope
[INFO] [stdout]    --> src/main.rs:174:18
[INFO] [stdout]     |
[INFO] [stdout] 174 |     fn init(d: &mut Ctx) -> Result<Self> {
[INFO] [stdout]     |                     ^^^ not found in this scope
[INFO] [stdout] 
[INFO] [stdout] 
[INFO] [stdout] error[E0412]: cannot find type `Ctx` in this scope
[INFO] [stdout]    --> src/main.rs:197:30
[INFO] [stdout]     |
[INFO] [stdout] 197 |     fn event(&mut self, d: &mut Ctx, e: &Event) -> Result<()> {
[INFO] [stdout]     |                                 ^^^ not found in this scope
[INFO] [stdout] 
[INFO] [stdout] 
[INFO] [stdout] error[E0412]: cannot find type `Event` in this scope
[INFO] [stdout]    --> src/main.rs:197:39
[INFO] [stdout]     |
[INFO] [stdout] 197 |     fn event(&mut self, d: &mut Ctx, e: &Event) -> Result<()> {
[INFO] [stdout]     |                                          ^^^^^ not found in this scope
[INFO] [stdout] 
[INFO] [stdout] 
[INFO] [stdout] error[E0412]: cannot find type `Ctx` in this scope
[INFO] [stdout]    --> src/main.rs:227:31
[INFO] [stdout]     |
[INFO] [stdout] 227 |     fn update(&mut self, d: &mut Ctx) -> Result<()> {
[INFO] [stdout]     |                                  ^^^ not found in this scope
[INFO] [stdout] 
[INFO] [stdout] 
[INFO] [stdout] error[E0412]: cannot find type `Ctx` in this scope
[INFO] [stdout]    --> src/main.rs:239:25
[INFO] [stdout]     |
[INFO] [stdout] 239 |     fn draw(&self, d: &mut Ctx) -> Result<()> {
[INFO] [stdout]     |                            ^^^ not found in this scope
[INFO] [stdout] 
[INFO] [stdout] 
[INFO] [stdout] error[E0425]: cannot find function `launcher` in this scope
[INFO] [stdout]    --> src/main.rs:322:20
[INFO] [stdout]     |
[INFO] [stdout] 322 |     if let Err(err) = launcher()
[INFO] [stdout]     |                       ^^^^^^^^ not found in this scope
[INFO] [stdout] 
[INFO] [stdout] 
[INFO] [stdout] error[E0433]: failed to resolve: use of undeclared type or module `Shader`
[INFO] [stdout]    --> src/main.rs:143:9
[INFO] [stdout]     |
[INFO] [stdout] 143 |         match Shader::from_frag(d.gfx, &content) {
[INFO] [stdout]     |               ^^^^^^ use of undeclared type or module `Shader`
[INFO] [stdout] 
[INFO] [stdout] 
[INFO] [stdout] warning: unused import: `dirty::*`
[INFO] [stdout]  --> src/main.rs:9:5
[INFO] [stdout]   |
[INFO] [stdout] 9 | use dirty::*;
[INFO] [stdout]   |     ^^^^^^^^
[INFO] [stdout]   |
[INFO] [stdout]   = note: `#[warn(unused_imports)]` on by default
[INFO] [stdout] 
[INFO] [stdout] 
[INFO] [stdout] error[E0433]: failed to resolve: use of undeclared type or module `window`
[INFO] [stdout]    --> src/main.rs:176:23
[INFO] [stdout]     |
[INFO] [stdout] 176 |         d.window.set_cursor(window::CursorIcon::Cross);
[INFO] [stdout]     |                             ^^^^^^ use of undeclared type or module `window`
[INFO] [stdout] 
[INFO] [stdout] 
[INFO] [stdout] error[E0433]: failed to resolve: use of undeclared type or module `fs`
[INFO] [stdout]    --> src/main.rs:188:7
[INFO] [stdout]     |
[INFO] [stdout] 188 |             if fs::exists(path) {
[INFO] [stdout]     |                ^^ use of undeclared type or module `fs`
[INFO] [stdout] 
[INFO] [stdout] 
[INFO] [stdout] error[E0433]: failed to resolve: use of undeclared type or module `Event`
[INFO] [stdout]    --> src/main.rs:201:4
[INFO] [stdout]     |
[INFO] [stdout] 201 |             Event::FileDrop(path) => self.open(d, path),
[INFO] [stdout]     |             ^^^^^ use of undeclared type or module `Event`
[INFO] [stdout] 
[INFO] [stdout] 
[INFO] [stdout] error: aborting due to 54 previous errors; 1 warning emitted
[INFO] [stdout] 
[INFO] [stdout] 
[INFO] [stdout] Some errors have detailed explanations: E0405, E0412, E0425, E0432, E0433.
[INFO] [stdout] 
[INFO] [stdout] For more information about an error, try `rustc --explain E0405`.
[INFO] [stdout] 
[INFO] [stdout] error[E0433]: failed to resolve: use of undeclared type or module `Event`
[INFO] [stdout]    --> src/main.rs:203:4
[INFO] [stdout]     |
[INFO] [stdout] 203 |             Event::KeyPress(k) => {
[INFO] [stdout]     |             ^^^^^ use of undeclared type or module `Event`
[INFO] [stdout] 
[INFO] [stdout] 
[INFO] [stdout] error[E0433]: failed to resolve: use of undeclared type or module `Key`
[INFO] [stdout]    --> src/main.rs:208:6
[INFO] [stdout]     |
[INFO] [stdout] 208 |                     Key::Esc => d.window.quit(),
[INFO] [stdout]     |                     ^^^ use of undeclared type or module `Key`
[INFO] [stdout] 
[INFO] [stdout] 
[INFO] [stdout] error[E0433]: failed to resolve: use of undeclared type or module `Key`
[INFO] [stdout]    --> src/main.rs:209:6
[INFO] [stdout]     |
[INFO] [stdout] 209 |                     Key::R => self.refresh(d),
[INFO] [stdout]     |                     ^^^ use of undeclared type or module `Key`
[INFO] [stdout] 
[INFO] [stdout] 
[INFO] [stdout] error[E0433]: failed to resolve: use of undeclared type or module `Key`
[INFO] [stdout]    --> src/main.rs:210:6
[INFO] [stdout]     |
[INFO] [stdout] 210 |                     Key::L => self.show_log = !self.show_log,
[INFO] [stdout]     |                     ^^^ use of undeclared type or module `Key`
[INFO] [stdout] 
[INFO] [stdout] 
[INFO] [stdout] error[E0433]: failed to resolve: use of undeclared type or module `Key`
[INFO] [stdout]    --> src/main.rs:211:6
[INFO] [stdout]     |
[INFO] [stdout] 211 |                     Key::C if self.show_log => self.log.clear(),
[INFO] [stdout]     |                     ^^^ use of undeclared type or module `Key`
[INFO] [stdout] 
[INFO] [stdout] 
[INFO] [stdout] error[E0433]: failed to resolve: use of undeclared type or module `Key`
[INFO] [stdout]    --> src/main.rs:212:6
[INFO] [stdout]     |
[INFO] [stdout] 212 |                     Key::Q if mods.meta => d.window.quit(),
[INFO] [stdout]     |                     ^^^ use of undeclared type or module `Key`
[INFO] [stdout] 
[INFO] [stdout] 
[INFO] [stdout] error[E0433]: failed to resolve: use of undeclared type or module `Key`
[INFO] [stdout]    --> src/main.rs:213:6
[INFO] [stdout]     |
[INFO] [stdout] 213 |                     Key::F if mods.meta => d.window.toggle_fullscreen(),
[INFO] [stdout]     |                     ^^^ use of undeclared type or module `Key`
[INFO] [stdout] 
[INFO] [stdout] 
[INFO] [stdout] error[E0433]: failed to resolve: use of undeclared type or module `shapes`
[INFO] [stdout]    --> src/main.rs:248:7
[INFO] [stdout]     |
[INFO] [stdout] 248 |                     &shapes::uvrect(
[INFO] [stdout]     |                      ^^^^^^ use of undeclared type or module `shapes`
[INFO] [stdout] 
[INFO] [stdout] 
[INFO] [stdout] error[E0433]: failed to resolve: use of undeclared type or module `Origin`
[INFO] [stdout]    --> src/main.rs:249:17
[INFO] [stdout]     |
[INFO] [stdout] 249 |                         gfx.coord(Origin::TopLeft),
[INFO] [stdout]     |                                   ^^^^^^ use of undeclared type or module `Origin`
[INFO] [stdout] 
[INFO] [stdout] 
[INFO] [stdout] error[E0433]: failed to resolve: use of undeclared type or module `Origin`
[INFO] [stdout]    --> src/main.rs:250:17
[INFO] [stdout]     |
[INFO] [stdout] 250 |                         gfx.coord(Origin::BottomRight),
[INFO] [stdout]     |                                   ^^^^^^ use of undeclared type or module `Origin`
[INFO] [stdout] 
[INFO] [stdout] 
[INFO] [stdout] error[E0433]: failed to resolve: use of undeclared type or module `Origin`
[INFO] [stdout]    --> src/main.rs:258:22
[INFO] [stdout]     |
[INFO] [stdout] 258 |                     .t2(d.gfx.coord(Origin::TopLeft) + vec2!(24, -24))
[INFO] [stdout]     |                                     ^^^^^^ use of undeclared type or module `Origin`
[INFO] [stdout] 
[INFO] [stdout] 
[INFO] [stdout] error[E0433]: failed to resolve: use of undeclared type or module `shapes`
[INFO] [stdout]    --> src/main.rs:260:6
[INFO] [stdout]     |
[INFO] [stdout] 260 |                 &shapes::text("drop fragment shader files into this window")
[INFO] [stdout]     |                  ^^^^^^ use of undeclared type or module `shapes`
[INFO] [stdout] 
[INFO] [stdout] 
[INFO] [stdout] error[E0433]: failed to resolve: use of undeclared type or module `Origin`
[INFO] [stdout]    --> src/main.rs:262:13
[INFO] [stdout]     |
[INFO] [stdout] 262 |                     .align(Origin::TopLeft)
[INFO] [stdout]     |                            ^^^^^^ use of undeclared type or module `Origin`
[INFO] [stdout] 
[INFO] [stdout] 
[INFO] [stdout] error[E0433]: failed to resolve: use of undeclared type or module `shapes`
[INFO] [stdout]    --> src/main.rs:286:16
[INFO] [stdout]     |
[INFO] [stdout] 286 |                 let text = shapes::text(&msg.content)
[INFO] [stdout]     |                            ^^^^^^ use of undeclared type or module `shapes`
[INFO] [stdout] 
[INFO] [stdout] 
[INFO] [stdout] error[E0433]: failed to resolve: use of undeclared type or module `Origin`
[INFO] [stdout]    --> src/main.rs:287:13
[INFO] [stdout]     |
[INFO] [stdout] 287 |                     .align(Origin::BottomLeft)
[INFO] [stdout]     |                            ^^^^^^ use of undeclared type or module `Origin`
[INFO] [stdout] 
[INFO] [stdout] 
[INFO] [stdout] error[E0433]: failed to resolve: use of undeclared type or module `shapes`
[INFO] [stdout]    --> src/main.rs:289:12
[INFO] [stdout]     |
[INFO] [stdout] 289 |                     .wrap(shapes::TextWrap {
[INFO] [stdout]     |                           ^^^^^^ use of undeclared type or module `shapes`
[INFO] [stdout] 
[INFO] [stdout] 
[INFO] [stdout] error[E0433]: failed to resolve: use of undeclared type or module `shapes`
[INFO] [stdout]    --> src/main.rs:291:19
[INFO] [stdout]     |
[INFO] [stdout] 291 |                         break_type: shapes::TextWrapBreak::Word,
[INFO] [stdout]     |                                     ^^^^^^ use of undeclared type or module `shapes`
[INFO] [stdout] 
[INFO] [stdout] 
[INFO] [stdout] error[E0433]: failed to resolve: use of undeclared type or module `Origin`
[INFO] [stdout]    --> src/main.rs:296:27
[INFO] [stdout]     |
[INFO] [stdout] 296 |                 let pos = d.gfx.coord(Origin::BottomLeft) + vec2!(0, y);
[INFO] [stdout]     |                                       ^^^^^^ use of undeclared type or module `Origin`
[INFO] [stdout] 
[INFO] [stdout] 
[INFO] [stdout] error[E0433]: failed to resolve: use of undeclared type or module `shapes`
[INFO] [stdout]    --> src/main.rs:299:7
[INFO] [stdout]     |
[INFO] [stdout] 299 |                     &shapes::rect(pos, pos + vec2!(width, th))
[INFO] [stdout]     |                      ^^^^^^ use of undeclared type or module `shapes`
[INFO] [stdout] 
[INFO] [stdout] 
[INFO] [stdout] error[E0412]: cannot find type `Shader` in this scope
[INFO] [stdout]   --> src/main.rs:86:17
[INFO] [stdout]    |
[INFO] [stdout] 86 |     shader: Option<Shader<GeneralUniform>>,
[INFO] [stdout]    |                    ^^^^^^ not found in this scope
[INFO] [stdout] 
[INFO] [stdout] 
[INFO] [stdout] error[E0412]: cannot find type `Vec2` in this scope
[INFO] [stdout]    --> src/main.rs:93:14
[INFO] [stdout]     |
[INFO] [stdout] 93  |       resolution: Vec2,
[INFO] [stdout]     |                   ^^^^ help: a struct with a similar name exists: `Vec`
[INFO] [stdout] 
[INFO] [stdout] 
[INFO] [stdout] error[E0412]: cannot find type `Vec2` in this scope
[INFO] [stdout]    --> src/main.rs:95:9
[INFO] [stdout]     |
[INFO] [stdout] 95  |       mouse: Vec2,
[INFO] [stdout]     |              ^^^^ help: a struct with a similar name exists: `Vec`
[INFO] [stdout] 
[INFO] [stdout] 
[INFO] [stdout] error[E0405]: cannot find trait `UniformLayout` in this scope
[INFO] [stdout]   --> src/main.rs:98:6
[INFO] [stdout]    |
[INFO] [stdout] 98 | impl UniformLayout for GeneralUniform {
[INFO] [stdout]    |      ^^^^^^^^^^^^^ not found in this scope
[INFO] [stdout] 
[INFO] [stdout] 
[INFO] [stdout] error[E0412]: cannot find type `UniformValues` in this scope
[INFO] [stdout]   --> src/main.rs:99:22
[INFO] [stdout]    |
[INFO] [stdout] 99 |     fn values(&self) -> UniformValues {
[INFO] [stdout]    |                         ^^^^^^^^^^^^^ not found in this scope
[INFO] [stdout] 
[INFO] [stdout] 
[INFO] [stdout] error[E0412]: cannot find type `Ctx` in this scope
[INFO] [stdout]    --> src/main.rs:128:32
[INFO] [stdout]     |
[INFO] [stdout] 128 |     fn refresh(&mut self, d: &mut Ctx) {
[INFO] [stdout]     |                                   ^^^ not found in this scope
[INFO] [stdout] 
[INFO] [stdout] 
[INFO] [stdout] error[E0412]: cannot find type `Ctx` in this scope
[INFO] [stdout]    --> src/main.rs:163:29
[INFO] [stdout]     |
[INFO] [stdout] 163 |     fn open(&mut self, d: &mut Ctx, path: impl AsRef<Path>) {
[INFO] [stdout]     |                                ^^^ not found in this scope
[INFO] [stdout] 
[INFO] [stdout] 
[INFO] [stdout] error[E0405]: cannot find trait `State` in this scope
[INFO] [stdout]    --> src/main.rs:172:6
[INFO] [stdout]     |
[INFO] [stdout] 172 | impl State for Viewer {
[INFO] [stdout]     |      ^^^^^ not found in this scope
[INFO] [stdout] 
[INFO] [stdout] 
[INFO] [stdout] error[E0412]: cannot find type `Ctx` in this scope
[INFO] [stdout]    --> src/main.rs:174:18
[INFO] [stdout]     |
[INFO] [stdout] 174 |     fn init(d: &mut Ctx) -> Result<Self> {
[INFO] [stdout]     |                     ^^^ not found in this scope
[INFO] [stdout] 
[INFO] [stdout] 
[INFO] [stdout] error[E0412]: cannot find type `Ctx` in this scope
[INFO] [stdout]    --> src/main.rs:197:30
[INFO] [stdout]     |
[INFO] [stdout] 197 |     fn event(&mut self, d: &mut Ctx, e: &Event) -> Result<()> {
[INFO] [stdout]     |                                 ^^^ not found in this scope
[INFO] [stdout] 
[INFO] [stdout] 
[INFO] [stderr] error: could not compile `glslview`.
[INFO] [stdout] error[E0412]: cannot find type `Event` in this scope
[INFO] [stdout]    --> src/main.rs:197:39
[INFO] [stdout]     |
[INFO] [stdout] 197 |     fn event(&mut self, d: &mut Ctx, e: &Event) -> Result<()> {
[INFO] [stdout]     |                                          ^^^^^ not found in this scope
[INFO] [stdout] 
[INFO] [stdout] 
[INFO] [stderr] 
[INFO] [stdout] error[E0412]: cannot find type `Ctx` in this scope
[INFO] [stdout]    --> src/main.rs:227:31
[INFO] [stdout]     |
[INFO] [stdout] 227 |     fn update(&mut self, d: &mut Ctx) -> Result<()> {
[INFO] [stdout]     |                                  ^^^ not found in this scope
[INFO] [stdout] 
[INFO] [stdout] 
[INFO] [stderr] To learn more, run the command again with --verbose.
[INFO] [stdout] error[E0412]: cannot find type `Ctx` in this scope
[INFO] [stdout]    --> src/main.rs:239:25
[INFO] [stdout]     |
[INFO] [stdout] 239 |     fn draw(&self, d: &mut Ctx) -> Result<()> {
[INFO] [stdout]     |                            ^^^ not found in this scope
[INFO] [stdout] 
[INFO] [stdout] 
[INFO] [stderr] warning: build failed, waiting for other jobs to finish...
[INFO] [stdout] error[E0425]: cannot find function `launcher` in this scope
[INFO] [stdout]    --> src/main.rs:322:20
[INFO] [stdout]     |
[INFO] [stdout] 322 |     if let Err(err) = launcher()
[INFO] [stdout]     |                       ^^^^^^^^ not found in this scope
[INFO] [stdout] 
[INFO] [stdout] 
[INFO] [stdout] warning: unused import: `dirty::*`
[INFO] [stdout]  --> src/main.rs:9:5
[INFO] [stdout]   |
[INFO] [stdout] 9 | use dirty::*;
[INFO] [stdout]   |     ^^^^^^^^
[INFO] [stdout]   |
[INFO] [stdout]   = note: `#[warn(unused_imports)]` on by default
[INFO] [stdout] 
[INFO] [stdout] 
[INFO] [stdout] error: aborting due to 54 previous errors; 1 warning emitted
[INFO] [stdout] 
[INFO] [stdout] 
[INFO] [stdout] Some errors have detailed explanations: E0405, E0412, E0425, E0432, E0433.
[INFO] [stdout] 
[INFO] [stdout] For more information about an error, try `rustc --explain E0405`.
[INFO] [stdout] 
[INFO] [stderr] error: build failed
[INFO] running `Command { std: "docker" "inspect" "f0754f9da87519609c8bce4b510cac281d8de3fda554abd5420e6679c34c04b0", kill_on_drop: false }`
[INFO] running `Command { std: "docker" "rm" "-f" "f0754f9da87519609c8bce4b510cac281d8de3fda554abd5420e6679c34c04b0", kill_on_drop: false }`
[INFO] [stdout] f0754f9da87519609c8bce4b510cac281d8de3fda554abd5420e6679c34c04b0
